2*v + 36, 0 = -2*v - f + 18. List the prime factors of 1969/v - (1 + (-22)/18).
3, 73
Let v(u) = 2*u - 46. Let i be v(0). Let c = i + 47. What are the prime factors of (-218)/(-4) - c - (-5)/10?
2, 3
What are the prime factors of (-28 + 38)*(-2798)/(5 + (-6 - 3))?
5, 1399
Let o(u) = 85*u**2 - 10*u + 59. Suppose -4*f + 8 = 5*n, -4*n + 9 = f - 4. List the prime factors of o(n).
7, 197
Let d(y) = -y**3 - y**2 - y. Let v(a) = 2*a**3 + 42*a**2 + 17*a + 42. Let u(z) = d(z) + v(z). What are the prime factors of u(-40)?
2, 3, 167
Let f be 7*(-21)/(-49) - -40029. Suppose -f = -30*u - 2*u. List the prime factors of u.
3, 139
Let a(g) = 98*g**3 - 23*g**2 + 14*g - 130. List the prime factors of a(5).
5, 23, 101
Suppose 60*h + 5*r - 181840 = 56*h, 5*r + 227300 = 5*h. List the prime factors of h.
2, 5, 2273
Let z be 3*2/18 + (-45)/(-27). Suppose 393 = z*h - 101. What are the prime factors of h?
13, 19
Suppose 0 = -139*y - 169*y + 35*y + 1453452. What are the prime factors of y?
2, 11
Let m = 15434 - 6497. What are the prime factors of m?
3, 331
Let d be (24 + -30)*3/2. Let q(z) = -33*z + 49. What are the prime factors of q(d)?
2, 173
Suppose 75 = -16*n + 21*n. Suppose n*l - 22*l = -2205. List the prime factors of l.
3, 5, 7
Let r(k) = -2*k - 21. Suppose s = -5*z - 10, s + z + 0*z + 14 = 0. Let d be r(s). Let p(y) = y**2 - 2*y + 19. What are the prime factors of p(d)?
2, 41
Suppose 13*l = 52*l + 52*l - 1643096. What are the prime factors of l?
2, 37, 61
Let h(k) = 37*k**2 - 50*k - 380. List the prime factors of h(21).
14887
Let y = 132 + -128. Suppose 5*x - 803 = -d, -y*d + 2*x = -0*d - 3190. What are the prime factors of d?
2, 3, 7, 19
Let x be (8/10)/(23/115). Suppose -1760 = -0*f - x*f. Suppose y - f = -5*s, -2*s + 179 = 3*y - 2*y. What are the prime factors of s?
3, 29
Suppose -i + 14 = 2*f - 7, 3*f + 4*i - 44 = 0. Let l be (((-28)/f)/(-7))/(2/52). Let t(q) = -q**3 + 16*q**2 - 24*q + 6. List the prime factors of t(l).
3, 67
Suppose 2*c - 38 = -28. Suppose -2*p - 2*l + 512 = 0, -5*l + 4*l = -c*p + 1286. What are the prime factors of p?
257
Let x be 156/9 + (-20)/15. Let b = x - 3. Suppose b*f - 11*f = 106. What are the prime factors of f?
53
Suppose 1911 = -12*x + 9*x. Let m be 2/6*(-1 - x). Suppose -3*t + m = -t. List the prime factors of t.
2, 53
Suppose 5*i - 8100 = -y, 4*y - 926 = -4*i + 5570. Let n = -723 + i. List the prime factors of n.
2, 7
Let a(p) = p**2 - 6*p - 4. Let c be a(-6). Suppose -c*f = -67*f - 277. List the prime factors of f.
277
Let b(k) = -k**2 + 13*k + 3. Let u be b(13). Let m(r) = 4*r**3 + 2*r + r**2 + 2*r + 2 - u*r**2. List the prime factors of m(2).
2, 17
Let f be -586 - (6/33 + 159/33). Let o = -216 - f. What are the prime factors of o?
3, 5
Suppose -c = -3*k - 27382, 0 = -4*c - k + 65395 + 44133. What are the prime factors of c?
2, 13691
Let h(z) be the second derivative of z**3/2 + 397*z**2/2 - z + 18. List the prime factors of h(0).
397
Suppose -24 = -l + 3*i - i, 22 = l - i. Suppose -13*m - 3731 = -l*m. What are the prime factors of m?
13, 41
Let z = 35778 + -19283. What are the prime factors of z?
5, 3299
Let o = 262 - -19. Let s = 1217 - o. List the prime factors of s.
2, 3, 13
Suppose -k = 2*k + 297. Let i = k + 141. Suppose 4*x - 8*g = -4*g + 52, -2*x - 2*g + i = 0. What are the prime factors of x?
17
Suppose 883 = 4*b + y, -2*b - y + 223 = -b. Let o be -4 + b/25 + 3/15. What are the prime factors of ((-1)/(-3))/(o*(-4)/(-3420))?
3, 19
Let d(a) = -a**3 + 3*a**2 + 6*a - 4. Let r be d(4). Suppose -r*t + 12 = 84. List the prime factors of 15 + t + 18/(3 - 2).
3, 5
Let y(i) be the first derivative of -5*i**2 - 11*i + 13. Let w be y(-7). Let o = w + -17. List the prime factors of o.
2, 3, 7
What are the prime factors of (-43619)/(-5) + (-46)/(-230) - 0?
2, 3, 727
Let y(i) = -i**3 - 12*i**2 + 45*i - 54. List the prime factors of y(-29).
2, 6469
Suppose -w - 30 = 4*c - 98, 0 = -3*c. Suppose -3*i = -b - 846, -364 = -i + 5*b - w. List the prime factors of i.
281
Let a(f) be the second derivative of 7*f**5/40 - 5*f**4/24 + 13*f**3/6 - 15*f. Let i(r) be the second derivative of a(r). What are the prime factors of i(4)?
79
Suppose 2*n = 4*q + 87020, n - 11*q + 16*q - 43524 = 0. List the prime factors of n.
2, 21757
Suppose 0 = 60*w - 2692160 + 183680. What are the prime factors of w?
2, 3, 13, 67
Suppose i - 65 = -241. Let z = -48 - i. What are the prime factors of z?
2
Suppose 16050 = 25*k - 231825. Suppose 17*r - 472 = k. What are the prime factors of r?
13, 47
Suppose 0 = 9*s - 131*s + 72346. What are the prime factors of s?
593
Suppose -23*w + 5*j - 7872 = -27*w, 0 = -5*w + 4*j + 9840. List the prime factors of w.
2, 3, 41
Suppose 2*p = 3*g + 90, 33 + 87 = -4*g + 3*p. Let q be 13*3*10/g. Let n(y) = y**3 + 12*y**2 - 28*y + 26. What are the prime factors of n(q)?
13, 17
Let h = -97 - -102. Suppose 5*n - h = 5. Suppose 5*m = 2*j - 395, -3*m - 817 = -4*j - n*m. List the prime factors of j.
5, 41
Let j(n) = n**3 + 43*n**2 - 137*n + 61. List the prime factors of j(-31).
2, 3, 5, 11
Let d(a) = -a**3 + 36*a**2 - 25*a + 42. What are the prime factors of d(27)?
2, 3, 13, 19
Let h = -1833 - -9015. What are the prime factors of h?
2, 3, 7, 19
Let a(i) = 561*i**2 + 160*i + 960. What are the prime factors of a(-6)?
2, 3, 11, 17
Let n be 36*(2/(-1) - -3). Let y be n + 2*(0 + -2). Let a = 47 - y. List the prime factors of a.
3, 5
Let d = -1 + 3. Let b be (-59)/d*((6 - -3) + -7). Let p = 85 + b. List the prime factors of p.
2, 13
Let h be ((-3)/12)/((-6)/96*2). Suppose -h*q + 3*y + 102 = -15, -4*y - 175 = -3*q. What are the prime factors of q?
3, 19
Let o be 2 + 7/(14/(-6)). Let v(f) be the first derivative of -61*f**2/2 - 4*f + 17. What are the prime factors of v(o)?
3, 19
Let o be ((-45)/2)/(-3) + 105/70. Suppose 0 = x - 3*p - o, -4*p - 52 = -3*x - 0. Suppose -5*r - x = -49. What are the prime factors of r?
5
Let j(v) = -6*v**3 + 2*v**2 + 3*v - 1. Let q(l) = -5*l**3 + 3*l**2 + 2*l - 2. Let c(r) = 4*j(r) - 5*q(r). What are the prime factors of c(7)?
2, 5
Suppose 17*u = 21*u - 108. Suppose 2*p + u = -p. Let w(s) = -s**3 - 7*s**2 + 9*s - 3. What are the prime factors of w(p)?
2, 3, 13
Suppose -3*w = -5*t - 65, w = 4*w + 2*t - 79. Let n = 20 - w. Let k(s) = -s**3 - 6*s**2 - 9*s + 5. List the prime factors of k(n).
5
Suppose -4*r + 20619 = 3*i, -5*r - 288*i + 285*i + 25773 = 0. What are the prime factors of r?
2, 3, 859
Let b = 1760 + -1793. Suppose -4*q + 261 = -q. Let t = q - b. What are the prime factors of t?
2, 3, 5
Let j be ((-6)/8)/(1/4). Let x(n) = 3*n + 63. Let g(f) = -38*f - 444. Let q(w) = 5*g(w) + 35*x(w). List the prime factors of q(j).
2, 3, 5
Let p(z) = 2*z**2 + 18*z - 23. Let c be p(-10). Let u be -8 - c - -4 - (1 - 2). Suppose 5*h - 600 = -w + 812, -4*w - 12 = u. What are the prime factors of h?
283
Let u = 24 + -20. Suppose u*n - 9 = -3*v, -v - 7 = -2*n - 0*v. Suppose 6*q - 508 = -3*c + 2*q, -n*q = 6. List the prime factors of c.
2, 43
Let i = 309 - -1827. Let n = i - 1356. What are the prime factors of n?
2, 3, 5, 13
Let w(f) = -601*f + 588. List the prime factors of w(-22).
2, 5, 1381
Let j(c) = c**3 - 13*c**2 + 143*c + 61. What are the prime factors of j(25)?
2, 3, 29
Suppose 19*f - 301801 = -31*f + 33*f. List the prime factors of f.
41, 433
Suppose 5*k = -5*z + 3*z + 48, -5*z + 186 = -4*k. Suppose 33*j = z*j - 18. Suppose i + p - 4 = j, -2*p = -5*i + 103. List the prime factors of i.
3, 7
Let u be ((-9)/15)/(17/(-85)). Suppose -3*w - 2*y - 14 = 0, -6 = -2*w + 5*y + 10. List the prime factors of ((-1880)/(-6))/(-5)*u/w.
2, 47
Let m be 66650/85 + 6/(-51). Let c = -138 + m. What are the prime factors of c?
2, 17, 19
What are the prime factors of (-8)/60 - (65777/(-15) - 2)?
41, 107
Let p be (-57)/76 - 4315/(-4). Suppose -3*x + p = 8*x. Suppose h + z = 78, h + z + 4*z - x = 0. What are the prime factors of h?
73
Let m = -22483 - -34118. What are the prime factors of m?
5, 13, 179
Suppose 3*q = -3*n + 239217, 3*n = -4*q + 204824 + 114138. What are the prime factors of q?
5, 41, 389
Let c(g) = 237*g + 7. Let j be 5 - ((-5)/(-5) - -1). List the prime factors of c(j).
2, 359
Suppose -i - 52 = i. Let c = i - -33. Suppose 3*t = -3*v - c + 1, 0 = 4*v + t - 4. List the prime factors of v.
2
Let p be (363/51 - 4/34) + -5. Suppose 4*y